{"id":4666,"date":"2024-03-28T11:48:53","date_gmt":"2024-03-28T10:48:53","guid":{"rendered":"https:\/\/kulturnidom.it\/wp\/evento\/18-03-mariam\/"},"modified":"2024-03-28T11:59:10","modified_gmt":"2024-03-28T10:59:10","slug":"18-03-mariam","status":"publish","type":"tribe_events","link":"https:\/\/kulturnidom.it\/wp\/evento\/18-03-mariam\/?lang=it","title":{"rendered":"18.03 &#8211; Mariam"},"content":{"rendered":"<p>Il libro delle\u00a0<strong>18.03<\/strong> \u2013 Autrice <strong>Antonella SBUELZ<\/strong>.<\/p>\n<p>28 giugno 1940. L&#8217;Italia \u00e8 appena entrata in guerra. A bordo di un trimotore italiano viaggia l&#8217;uomo pi\u00f9 potente della Libia, gi\u00e0 diventato leggenda. Pi\u00f9 in basso, nel deserto, una ragazza a cavallo, in fuga da obblighi e violenza, ne segue il volo con lo sguardo. Ma l&#8217;aereo non giunger\u00e0 mai a destinazione: un&#8217;esplosione incendia il cielo di Tobruk. Un semplice incidente o si nasconde altro, dietro la morte dell&#8217;unico gerarca che abbia osato sfidare Mussolini? E chi \u00e8 l&#8217;uomo che qualche anno pi\u00f9 tardi cerca vendetta tra le vie di Roma, appena dichiarata citt\u00e0 aperta? Mariam ripercorre ombre e chiaroscuri del colonialismo italiano in Libia, rievocandone i protagonisti, le atmosfere, i grandi eventi e i dettagli nascosti nelle pieghe della Storia. E narra la vita di uomini e donne che, dal basso, osano ribellarsi a convenzioni e imposizioni.<\/p>\n<p><strong>Antonella Sbuelz<\/strong> Scrittrice e poetessa di Udine, \u00e8 autrice opere di poesia e narrativa tradotti in diversi Paesi e vincitori di numerosi premi: La ragazza di Chagall del 2018 il Premio FiuggiStoria, Raffaele Crovi, Raccontami la Storia e finalista al Premio Viareggio. Questa notte non torno del 2021 ha avuto il Premio Campiello Junior 2022, ha partecipato alla Selezione Premio Strega Ragazzi e Ragazze, \u00e8 stato finalista al Premio Minerva. Insegnante, conduce laboratori di scrittura creativa e collabora con le pagine culturali del Messaggero Veneto.<\/p>\n<p>Dialoga con l\u2019autrice <strong>Monica Delfabro<\/strong>, insegnante al Liceo classico Stellini di Udine<br \/>\nLe letture tenute da <strong>Valentina Verzegnassi<\/strong>, attrice di teatro.<\/p>\n<p><a href=\"https:\/\/www.illibrodelle1803.it\/\">https:\/\/www.illibrodelle1803.it\/<\/a><\/p>\n","protected":false},"excerpt":{"rendered":"<p>Il libro delle\u00a018.03 \u2013 Autrice Antonella SBUELZ. 28 giugno 1940. L&#8217;Italia \u00e8 appena entrata in guerra. A bordo di un trimotore italiano viaggia l&#8217;uomo pi\u00f9 potente della Libia, gi\u00e0 diventato leggenda. Pi\u00f9 in basso, nel&hellip;<\/p>\n","protected":false},"author":990003,"featured_media":4664,"comment_status":"open","ping_status":"closed","template":"","meta":{"_tribe_events_status":"","_tribe_events_status_reason":"","footnotes":""},"tags":[138],"tribe_events_cat":[74],"class_list":["post-4666","tribe_events","type-tribe_events","status-publish","has-post-thumbnail","hentry","tag-illibrodelle1803-it","tribe_events_cat-18-03-it","cat_18-03-it"],"_links":{"self":[{"href":"https:\/\/kulturnidom.it\/wp\/wp-json\/wp\/v2\/tribe_events\/4666","targetHints":{"allow":["GET"]}}],"collection":[{"href":"https:\/\/kulturnidom.it\/wp\/wp-json\/wp\/v2\/tribe_events"}],"about":[{"href":"https:\/\/kulturnidom.it\/wp\/wp-json\/wp\/v2\/types\/tribe_events"}],"author":[{"embeddable":true,"href":"https:\/\/kulturnidom.it\/wp\/wp-json\/wp\/v2\/users\/990003"}],"replies":[{"embeddable":true,"href":"https:\/\/kulturnidom.it\/wp\/wp-json\/wp\/v2\/comments?post=4666"}],"version-history":[{"count":3,"href":"https:\/\/kulturnidom.it\/wp\/wp-json\/wp\/v2\/tribe_events\/4666\/revisions"}],"predecessor-version":[{"id":4669,"href":"https:\/\/kulturnidom.it\/wp\/wp-json\/wp\/v2\/tribe_events\/4666\/revisions\/4669"}],"wp:featuredmedia":[{"embeddable":true,"href":"https:\/\/kulturnidom.it\/wp\/wp-json\/wp\/v2\/media\/4664"}],"wp:attachment":[{"href":"https:\/\/kulturnidom.it\/wp\/wp-json\/wp\/v2\/media?parent=4666"}],"wp:term":[{"taxonomy":"post_tag","embeddable":true,"href":"https:\/\/kulturnidom.it\/wp\/wp-json\/wp\/v2\/tags?post=4666"},{"taxonomy":"tribe_events_cat","embeddable":true,"href":"https:\/\/kulturnidom.it\/wp\/wp-json\/wp\/v2\/tribe_events_cat?post=4666"}],"curies":[{"name":"wp","href":"https:\/\/api.w.org\/{rel}","templated":true}]}}

<p>Il libro delle <strong>18.03</strong> – Autrice <strong>Antonella SBUELZ</strong>.</p>
<p>28 giugno 1940. L&#8217;Italia è appena entrata in guerra. A bordo di un trimotore italiano viaggia l&#8217;uomo più potente della Libia, già diventato leggenda. Più in basso, nel deserto, una ragazza a cavallo, in fuga da obblighi e violenza, ne segue il volo con lo sguardo. Ma l&#8217;aereo non giungerà mai a destinazione: un&#8217;esplosione incendia il cielo di Tobruk. Un semplice incidente o si nasconde altro, dietro la morte dell&#8217;unico gerarca che abbia osato sfidare Mussolini? E chi è l&#8217;uomo che qualche anno più tardi cerca vendetta tra le vie di Roma, appena dichiarata città aperta? Mariam ripercorre ombre e chiaroscuri del colonialismo italiano in Libia, rievocandone i protagonisti, le atmosfere, i grandi eventi e i dettagli nascosti nelle pieghe della Storia. E narra la vita di uomini e donne che, dal basso, osano ribellarsi a convenzioni e imposizioni.</p>
<p><strong>Antonella Sbuelz</strong> Scrittrice e poetessa di Udine, è autrice opere di poesia e narrativa tradotti in diversi Paesi e vincitori di numerosi premi: La ragazza di Chagall del 2018 il Premio FiuggiStoria, Raffaele Crovi, Raccontami la Storia e finalista al Premio Viareggio. Questa notte non torno del 2021 ha avuto il Premio Campiello Junior 2022, ha partecipato alla Selezione Premio Strega Ragazzi e Ragazze, è stato finalista al Premio Minerva. Insegnante, conduce laboratori di scrittura creativa e collabora con le pagine culturali del Messaggero Veneto.</p>
<p>Dialoga con l’autrice <strong>Monica Delfabro</strong>, insegnante al Liceo classico Stellini di Udine<br />
Le letture tenute da <strong>Valentina Verzegnassi</strong>, attrice di teatro.</p>
<p><a href="https://www.illibrodelle1803.it/">https://www.illibrodelle1803.it/</a></p>

<p>Il libro delle 18.03 – Autrice Antonella SBUELZ. 28 giugno 1940. L&#8217;Italia è appena entrata in guerra. A bordo di un trimotore italiano viaggia l&#8217;uomo più potente della Libia, già diventato leggenda. Più in basso, nel&hellip;</p>
