{"id":5599,"date":"2025-02-27T15:50:40","date_gmt":"2025-02-27T14:50:40","guid":{"rendered":"https:\/\/kulturnidom.it\/wp\/evento\/od-barja-do-morja-fotografska-razstava\/"},"modified":"2025-02-27T15:52:30","modified_gmt":"2025-02-27T14:52:30","slug":"od-barja-do-morja-fotografska-razstava","status":"publish","type":"tribe_events","link":"https:\/\/kulturnidom.it\/wp\/evento\/od-barja-do-morja-fotografska-razstava\/?lang=it","title":{"rendered":"Od barja do morja &#8211; mostra fotografica"},"content":{"rendered":"<p class=\"western\" lang=\"sl-SI\" align=\"justify\"><span style=\"font-family: Arial Narrow, sans-serif;\"><span style=\"font-size: medium;\"><strong>FRANKO MLADEN<\/strong> &#8211; Salcano<\/span><\/span><\/p>\n<p class=\"western\" align=\"justify\">\u201c<span style=\"font-family: Arial Narrow, sans-serif;\"><b>Od barja do morja\u201d (Dalla palude al mare)<\/b><\/span><\/p>\n<p class=\"western\" align=\"justify\"><span style=\"font-family: Arial Narrow, sans-serif;\">La presentazione dell&#8217;artista sar\u00e0 affidata al giornalista e scrittore goriziano <strong>Andrea Bellavite<\/strong> e al fotografo sloveno <strong>Miha Godec<\/strong>.<\/span><\/p>\n<p class=\"western\" align=\"justify\"><span style=\"font-family: Arial Narrow, sans-serif;\">Mladen Franko (1958) di Salcano ha trascorso l&#8217;infanzia lungo il fiume Isonzo e nella Selva di Tarnova, dove ha sviluppato un profondo legame con la natura. Ha studiato a Lubiana e successivamente negli Stati Uniti, dove ha conseguito il dottorato in analisi chimica tramite spettroscopia laser, avvicinandosi ulteriormente alla comprensione della luce, elemento fondamentale della fotografia.<\/span><\/p>\n<p class=\"western\" align=\"justify\"><span style=\"font-family: Arial Narrow, sans-serif;\">Ha iniziato a fotografare durante gli anni della scuola superiore, grazie al padre Matija, fotografo amatoriale. Durante gli studi si \u00e8 dedicato alla fotografia in bianco e nero, ispirandosi a Egon Ka\u0161e e Jaka Bregar. Successivamente, a causa degli studi post-laurea nei Paesi Bassi e in Giappone, ha messo da parte la fotografia, ma negli ultimi anni si \u00e8 riavvicinato a questa passione.<\/span><\/p>\n<p class=\"western\" align=\"justify\"><span style=\"font-family: Arial Narrow, sans-serif;\">Come fotografo amatoriale ha pubblicato su riviste come Ona, Ve\u010der e Knji\u017eenstvo (Serbia), ha contribuito con foto per TV Koper-Capodistria e ha illustrato libri di testo e materiale didattico sul tema della protezione ambientale. Dopo anni di lavoro all&#8217;Istituto Jo\u017eef Stefan di Ljubljana, con l\u2019apertura dell&#8217;Universit\u00e0 a Nova Gorica, \u00e8 tornato nella sua terra natale.<\/span><\/p>\n<p class=\"western\" align=\"justify\"><span style=\"font-family: Arial Narrow, sans-serif;\">La mostra racconta una storia di luoghi descritti dalle prime nebbie mattutine fino alle pi\u00f9 drammatiche tempeste, ma include anche paesaggi sereni, le gru, il Pian del Monte e le saline di Se\u010dovlje. Questi motivi simboleggiano il suo ritorno al mare e l&#8217;apertura a nuove sfide, una nuova tappa nella sua carriera.<\/span><\/p>\n<p class=\"western\" align=\"justify\"><span style=\"font-family: Arial Narrow, sans-serif;\">La mostra, promossa dal Kulturni dom di Gorizia, dalla Fondazione Universit\u00e0 di Nova Gorica e dalla cooperativa culturale Maja di Gorizia, con il patrocino della Regione Friuli Venezia Giulia, dei Comuni di Gorizia e Nova Gorica (CEC 2025) e dell\u2019Unione culturale economica slovena (Skgz), rimarr\u00e0 aperta fino al 21 marzo 2025 con il seguente orario: dal luned\u00ec al venerd\u00ec dalle ore 9.30 alle 12.30 e dalle 15.30 alle 18.00 e nelle ore serali durante le varie manifestazioni culturali.<\/span><\/p>\n","protected":false},"excerpt":{"rendered":"<p>FRANKO MLADEN &#8211; Salcano \u201cOd barja do morja\u201d (Dalla palude al mare) La presentazione dell&#8217;artista sar\u00e0 affidata al giornalista e scrittore goriziano Andrea Bellavite e al fotografo sloveno Miha Godec. Mladen Franko (1958) di Salcano&hellip;<\/p>\n","protected":false},"author":990003,"featured_media":5574,"comment_status":"open","ping_status":"closed","template":"","meta":{"_tribe_events_status":"","_tribe_events_status_reason":"","footnotes":""},"tags":[],"tribe_events_cat":[56],"class_list":["post-5599","tribe_events","type-tribe_events","status-publish","has-post-thumbnail","hentry","tribe_events_cat-mostre","cat_mostre"],"_links":{"self":[{"href":"https:\/\/kulturnidom.it\/wp\/wp-json\/wp\/v2\/tribe_events\/5599","targetHints":{"allow":["GET"]}}],"collection":[{"href":"https:\/\/kulturnidom.it\/wp\/wp-json\/wp\/v2\/tribe_events"}],"about":[{"href":"https:\/\/kulturnidom.it\/wp\/wp-json\/wp\/v2\/types\/tribe_events"}],"author":[{"embeddable":true,"href":"https:\/\/kulturnidom.it\/wp\/wp-json\/wp\/v2\/users\/990003"}],"replies":[{"embeddable":true,"href":"https:\/\/kulturnidom.it\/wp\/wp-json\/wp\/v2\/comments?post=5599"}],"version-history":[{"count":2,"href":"https:\/\/kulturnidom.it\/wp\/wp-json\/wp\/v2\/tribe_events\/5599\/revisions"}],"predecessor-version":[{"id":5601,"href":"https:\/\/kulturnidom.it\/wp\/wp-json\/wp\/v2\/tribe_events\/5599\/revisions\/5601"}],"wp:featuredmedia":[{"embeddable":true,"href":"https:\/\/kulturnidom.it\/wp\/wp-json\/wp\/v2\/media\/5574"}],"wp:attachment":[{"href":"https:\/\/kulturnidom.it\/wp\/wp-json\/wp\/v2\/media?parent=5599"}],"wp:term":[{"taxonomy":"post_tag","embeddable":true,"href":"https:\/\/kulturnidom.it\/wp\/wp-json\/wp\/v2\/tags?post=5599"},{"taxonomy":"tribe_events_cat","embeddable":true,"href":"https:\/\/kulturnidom.it\/wp\/wp-json\/wp\/v2\/tribe_events_cat?post=5599"}],"curies":[{"name":"wp","href":"https:\/\/api.w.org\/{rel}","templated":true}]}}

<p class="western" lang="sl-SI" align="justify"><span style="font-family: Arial Narrow, sans-serif;"><span style="font-size: medium;"><strong>FRANKO MLADEN</strong> &#8211; Salcano</span></span></p>
<p class="western" align="justify">“<span style="font-family: Arial Narrow, sans-serif;"><b>Od barja do morja” (Dalla palude al mare)</b></span></p>
<p class="western" align="justify"><span style="font-family: Arial Narrow, sans-serif;">La presentazione dell&#8217;artista sarà affidata al giornalista e scrittore goriziano <strong>Andrea Bellavite</strong> e al fotografo sloveno <strong>Miha Godec</strong>.</span></p>
<p class="western" align="justify"><span style="font-family: Arial Narrow, sans-serif;">Mladen Franko (1958) di Salcano ha trascorso l&#8217;infanzia lungo il fiume Isonzo e nella Selva di Tarnova, dove ha sviluppato un profondo legame con la natura. Ha studiato a Lubiana e successivamente negli Stati Uniti, dove ha conseguito il dottorato in analisi chimica tramite spettroscopia laser, avvicinandosi ulteriormente alla comprensione della luce, elemento fondamentale della fotografia.</span></p>
<p class="western" align="justify"><span style="font-family: Arial Narrow, sans-serif;">Ha iniziato a fotografare durante gli anni della scuola superiore, grazie al padre Matija, fotografo amatoriale. Durante gli studi si è dedicato alla fotografia in bianco e nero, ispirandosi a Egon Kaše e Jaka Bregar. Successivamente, a causa degli studi post-laurea nei Paesi Bassi e in Giappone, ha messo da parte la fotografia, ma negli ultimi anni si è riavvicinato a questa passione.</span></p>
<p class="western" align="justify"><span style="font-family: Arial Narrow, sans-serif;">Come fotografo amatoriale ha pubblicato su riviste come Ona, Večer e Knjiženstvo (Serbia), ha contribuito con foto per TV Koper-Capodistria e ha illustrato libri di testo e materiale didattico sul tema della protezione ambientale. Dopo anni di lavoro all&#8217;Istituto Jožef Stefan di Ljubljana, con l’apertura dell&#8217;Università a Nova Gorica, è tornato nella sua terra natale.</span></p>
<p class="western" align="justify"><span style="font-family: Arial Narrow, sans-serif;">La mostra racconta una storia di luoghi descritti dalle prime nebbie mattutine fino alle più drammatiche tempeste, ma include anche paesaggi sereni, le gru, il Pian del Monte e le saline di Sečovlje. Questi motivi simboleggiano il suo ritorno al mare e l&#8217;apertura a nuove sfide, una nuova tappa nella sua carriera.</span></p>
<p class="western" align="justify"><span style="font-family: Arial Narrow, sans-serif;">La mostra, promossa dal Kulturni dom di Gorizia, dalla Fondazione Università di Nova Gorica e dalla cooperativa culturale Maja di Gorizia, con il patrocino della Regione Friuli Venezia Giulia, dei Comuni di Gorizia e Nova Gorica (CEC 2025) e dell’Unione culturale economica slovena (Skgz), rimarrà aperta fino al 21 marzo 2025 con il seguente orario: dal lunedì al venerdì dalle ore 9.30 alle 12.30 e dalle 15.30 alle 18.00 e nelle ore serali durante le varie manifestazioni culturali.</span></p>

<p>FRANKO MLADEN &#8211; Salcano “Od barja do morja” (Dalla palude al mare) La presentazione dell&#8217;artista sarà affidata al giornalista e scrittore goriziano Andrea Bellavite e al fotografo sloveno Miha Godec. Mladen Franko (1958) di Salcano&hellip;</p>
