{"id":6931,"date":"2026-03-10T12:16:52","date_gmt":"2026-03-10T11:16:52","guid":{"rendered":"https:\/\/kulturnidom.it\/wp\/evento\/penzici-komigo-2026\/"},"modified":"2026-03-10T12:19:26","modified_gmt":"2026-03-10T11:19:26","slug":"penzici-komigo-2026","status":"publish","type":"tribe_events","link":"https:\/\/kulturnidom.it\/wp\/evento\/penzici-komigo-2026\/?lang=it","title":{"rendered":"PENZI\u010cI &#8211; Komigo 2026"},"content":{"rendered":"<p><strong>Marted\u00ec, 24 marzo alle 20:00<\/strong><\/p>\n<p align=\"justify\"><span style=\"color: #000000;\"><span style=\"font-size: medium;\"><span lang=\"sl-SI\">(In sloveno)<\/span><\/span><\/span><\/p>\n<p align=\"justify\"><span style=\"color: #000000;\"><span style=\"font-size: medium;\"><span lang=\"sl-SI\">Il mondo appartiene ai giovani, ma sono i \u201cpensionati\u201d ad averlo costruito.<\/span><\/span><\/span><\/p>\n<p align=\"justify\"><span style=\"color: #000000;\"><span style=\"font-size: medium;\"><span lang=\"sl-SI\">Jaka \u0160raufenciger, alias Vinko \u0160imek, torna sui palchi sloveni; anche Boris Kobal ritorna, Franci Kek si esibir\u00e0 per la prima volta come comico stand-up, mentre Bo\u0161tjan Megli\u010d \u2013 Pe\u0161ka ha appeso per un po\u2019 la divisa da postino nell\u2019armadio.<\/span><\/span><\/span><\/p>\n<p align=\"justify\"><span style=\"color: #000000;\"><span style=\"font-size: medium;\"><span lang=\"sl-SI\">Quattro icone della commedia slovena, che da decenni fanno ridere tutti coloro che vogliono guardarli e ascoltarli, hanno una cosa in comune: sono \u201cpensionati\u201d. E come pensionati, hanno molto da dire \u2013 e soprattutto il coraggio di dire tutto. Se volete sentire il loro punto di vista sul mondo moderno, sull\u2019amore negli anni d\u2019oro e sulle gioie e le difficolt\u00e0 che arrivano con la pensione, allora non potete perdervi questo spettacolo.<\/span><\/span><\/span><\/p>\n<p align=\"justify\"><span style=\"color: #000000;\"><span style=\"font-size: medium;\"><span lang=\"sl-SI\">Ma poich\u00e9, paradossalmente, proprio i pensionati hanno meno tempo di tutti, le leggende della commedia slovena terranno un numero limitato di rappresentazioni. Un\u2019unica tourn\u00e9e in Slovenia, e basta. Affrettatevi a non perderli!<\/span><\/span><\/span><\/p>\n<p>&nbsp;<\/p>\n<p>&nbsp;<\/p>\n","protected":false},"excerpt":{"rendered":"<p>Marted\u00ec, 24 marzo alle 20:00 (In sloveno) Il mondo appartiene ai giovani, ma sono i \u201cpensionati\u201d ad averlo costruito. Jaka \u0160raufenciger, alias Vinko \u0160imek, torna sui palchi sloveni; anche Boris Kobal ritorna, Franci Kek si&hellip;<\/p>\n","protected":false},"author":990003,"featured_media":6918,"comment_status":"open","ping_status":"closed","template":"","meta":{"_tribe_events_status":"","_tribe_events_status_reason":"","footnotes":""},"tags":[],"tribe_events_cat":[58,54],"class_list":["post-6931","tribe_events","type-tribe_events","status-publish","has-post-thumbnail","hentry","tribe_events_cat-komigo-it","tribe_events_cat-rappresentazioni-teatrali","cat_komigo-it","cat_rappresentazioni-teatrali"],"_links":{"self":[{"href":"https:\/\/kulturnidom.it\/wp\/wp-json\/wp\/v2\/tribe_events\/6931","targetHints":{"allow":["GET"]}}],"collection":[{"href":"https:\/\/kulturnidom.it\/wp\/wp-json\/wp\/v2\/tribe_events"}],"about":[{"href":"https:\/\/kulturnidom.it\/wp\/wp-json\/wp\/v2\/types\/tribe_events"}],"author":[{"embeddable":true,"href":"https:\/\/kulturnidom.it\/wp\/wp-json\/wp\/v2\/users\/990003"}],"replies":[{"embeddable":true,"href":"https:\/\/kulturnidom.it\/wp\/wp-json\/wp\/v2\/comments?post=6931"}],"version-history":[{"count":2,"href":"https:\/\/kulturnidom.it\/wp\/wp-json\/wp\/v2\/tribe_events\/6931\/revisions"}],"predecessor-version":[{"id":6933,"href":"https:\/\/kulturnidom.it\/wp\/wp-json\/wp\/v2\/tribe_events\/6931\/revisions\/6933"}],"wp:featuredmedia":[{"embeddable":true,"href":"https:\/\/kulturnidom.it\/wp\/wp-json\/wp\/v2\/media\/6918"}],"wp:attachment":[{"href":"https:\/\/kulturnidom.it\/wp\/wp-json\/wp\/v2\/media?parent=6931"}],"wp:term":[{"taxonomy":"post_tag","embeddable":true,"href":"https:\/\/kulturnidom.it\/wp\/wp-json\/wp\/v2\/tags?post=6931"},{"taxonomy":"tribe_events_cat","embeddable":true,"href":"https:\/\/kulturnidom.it\/wp\/wp-json\/wp\/v2\/tribe_events_cat?post=6931"}],"curies":[{"name":"wp","href":"https:\/\/api.w.org\/{rel}","templated":true}]}}

PENZIČI &#8211; Komigo 2026

<p><strong>Martedì, 24 marzo alle 20:00</strong></p>
<p align="justify"><span style="color: #000000;"><span style="font-size: medium;"><span lang="sl-SI">(In sloveno)</span></span></span></p>
<p align="justify"><span style="color: #000000;"><span style="font-size: medium;"><span lang="sl-SI">Il mondo appartiene ai giovani, ma sono i “pensionati” ad averlo costruito.</span></span></span></p>
<p align="justify"><span style="color: #000000;"><span style="font-size: medium;"><span lang="sl-SI">Jaka Šraufenciger, alias Vinko Šimek, torna sui palchi sloveni; anche Boris Kobal ritorna, Franci Kek si esibirà per la prima volta come comico stand-up, mentre Boštjan Meglič – Peška ha appeso per un po’ la divisa da postino nell’armadio.</span></span></span></p>
<p align="justify"><span style="color: #000000;"><span style="font-size: medium;"><span lang="sl-SI">Quattro icone della commedia slovena, che da decenni fanno ridere tutti coloro che vogliono guardarli e ascoltarli, hanno una cosa in comune: sono “pensionati”. E come pensionati, hanno molto da dire – e soprattutto il coraggio di dire tutto. Se volete sentire il loro punto di vista sul mondo moderno, sull’amore negli anni d’oro e sulle gioie e le difficoltà che arrivano con la pensione, allora non potete perdervi questo spettacolo.</span></span></span></p>
<p align="justify"><span style="color: #000000;"><span style="font-size: medium;"><span lang="sl-SI">Ma poiché, paradossalmente, proprio i pensionati hanno meno tempo di tutti, le leggende della commedia slovena terranno un numero limitato di rappresentazioni. Un’unica tournée in Slovenia, e basta. Affrettatevi a non perderli!</span></span></span></p>
<p>&nbsp;</p>
<p>&nbsp;</p>

<p>Martedì, 24 marzo alle 20:00 (In sloveno) Il mondo appartiene ai giovani, ma sono i “pensionati” ad averlo costruito. Jaka Šraufenciger, alias Vinko Šimek, torna sui palchi sloveni; anche Boris Kobal ritorna, Franci Kek si&hellip;</p>
